{"id":325,"date":"2014-08-28T12:27:32","date_gmt":"2014-08-28T12:27:32","guid":{"rendered":"http:\/\/www.gutertag.at\/wordpress\/?page_id=325"},"modified":"2019-08-31T03:03:28","modified_gmt":"2019-08-31T03:03:28","slug":"coaching","status":"publish","type":"page","link":"https:\/\/www.gutertag.at\/wordpress\/coaching\/","title":{"rendered":"Coaching"},"content":{"rendered":"<div id='layer_slider_1'  class='avia-layerslider main_color avia-shadow  avia-builder-el-0  el_before_av_textblock  avia-builder-el-first  container_wrap sidebar_right'  style='height: 341px;'  ><\/div><div id='after_layer_slider_1'  class='main_color av_default_container_wrap container_wrap sidebar_right'  ><div class='container av-section-cont-open' ><div class='template-page content  av-content-small alpha units'><div class='post-entry post-entry-type-page post-entry-325'><div class='entry-content-wrapper clearfix'>\n<section  class='av_textblock_section av-8ijqt-2f925e8b6e4120bd1f24c15483a0a82e '   itemscope=\"itemscope\" itemtype=\"https:\/\/schema.org\/CreativeWork\" ><div class='avia_textblock'  itemprop=\"text\" ><p>Der Begriff Coaching bezeichnet eine Vielzahl von Trainings- und Beratungskonzepten zur Entwicklung und Umsetzung beruflicher (aber auch pers\u00f6nlicher) Ziele und der dazu notwendigen Kompetenzen wie z.B. F\u00fchrungs-, Umsetzungs- und Selbstmanagementkompetenzen.<\/p>\n<p>Coaching bietet:<\/p>\n<ul>\n<li>Beratung in F\u00fchrungs- und Managementaufgaben<\/li>\n<li>Impulse zur Gestaltung der F\u00fchrungsrolle und Reflexion des F\u00fchrungsverhaltens<\/li>\n<li>Executive Coaching (oder Management Coaching) zur Verbesserung der Managementkompetenzen<\/li>\n<li>Leadership Coaching zur F\u00fchrungskr\u00e4fteentwicklung<\/li>\n<li>Entwicklung der pers\u00f6nlichen Performance (z.B. bei Pr\u00e4sentationen)<\/li>\n<li>Unterst\u00fctzung bei Ver\u00e4nderungsprozessen und in Krisensituationen<\/li>\n<li>Hilfestellung bei der pers\u00f6nlichen Karriereplanung<\/li>\n<\/ul>\n<p>Die Erfolge zeigen sich den Marktforschern zufolge vor allem darin, da\u00df sich Konfliktstruktur, Arbeitsergebnisse und Motivation der Mitarbeiter verbessert h\u00e4tten. Ebenso seien gestiegene Entscheidungsfreude und besseres Zeitmanagement zu beobachten.<\/p>\n<p>Systemisches Coaching unterst\u00fctzt Sie ma\u00dfgeschneidert bei der Aktivierung Ihrer Ressourcen und beim Erweitern Ihrer Handlungsoptionen. Es ist h\u00f6chst effizient, da zielgerichtet an L\u00f6sungen und nicht an der Ursachenforschung der Probleme gearbeitet wird.<\/p>\n<p>Ich biete Systemisches Coaching sowohl f\u00fcr <strong>Einzelpersonen<\/strong> als auch f\u00fcr <strong>Teams<\/strong> an.<\/p>\n<p>Beruflich blicke ich auf eine langj\u00e4hrige T\u00e4tigkeit in der Privatwirtschaft zur\u00fcck, wo ich in leitender Funktion und auch als Mitarbeiterin im In- und Ausland t\u00e4tig war. Als Coach kommt mir daher zugute, da\u00df ich pers\u00f6nlich die zunehmend steigenden Leistungsanforderungen und wachsenden Erwartungen im Berufsleben sehr gut kenne. Dies schlie\u00dft nat\u00fcrlich auch den Balanceakt zum Privatleben mit ein. Durch meine unterschiedlichen Arbeitsschwerpunkte bringe ich eine bunte Vielfalt an Perspektiven und Erfahrungen mit. Ich freue mich \u00fcber Ihre <a href=\"\/wordpress\/kontakt\/\">Kontaktaufnahme<\/a>!<\/p>\n<\/div><\/section>\n","protected":false},"excerpt":{"rendered":"","protected":false},"author":5,"featured_media":0,"parent":0,"menu_order":0,"comment_status":"open","ping_status":"closed","template":"","meta":{"footnotes":""},"class_list":["post-325","page","type-page","status-publish","hentry"],"_links":{"self":[{"href":"https:\/\/www.gutertag.at\/wordpress\/wp-json\/wp\/v2\/pages\/325","targetHints":{"allow":["GET"]}}],"collection":[{"href":"https:\/\/www.gutertag.at\/wordpress\/wp-json\/wp\/v2\/pages"}],"about":[{"href":"https:\/\/www.gutertag.at\/wordpress\/wp-json\/wp\/v2\/types\/page"}],"author":[{"embeddable":true,"href":"https:\/\/www.gutertag.at\/wordpress\/wp-json\/wp\/v2\/users\/5"}],"replies":[{"embeddable":true,"href":"https:\/\/www.gutertag.at\/wordpress\/wp-json\/wp\/v2\/comments?post=325"}],"version-history":[{"count":7,"href":"https:\/\/www.gutertag.at\/wordpress\/wp-json\/wp\/v2\/pages\/325\/revisions"}],"predecessor-version":[{"id":833,"href":"https:\/\/www.gutertag.at\/wordpress\/wp-json\/wp\/v2\/pages\/325\/revisions\/833"}],"wp:attachment":[{"href":"https:\/\/www.gutertag.at\/wordpress\/wp-json\/wp\/v2\/media?parent=325"}],"curies":[{"name":"wp","href":"https:\/\/api.w.org\/{rel}","templated":true}]}}