{"id":452,"date":"2016-10-15T08:14:29","date_gmt":"2016-10-15T08:14:29","guid":{"rendered":"http:\/\/www.gutertag.at\/wordpress\/?page_id=452"},"modified":"2019-08-31T03:04:34","modified_gmt":"2019-08-31T03:04:34","slug":"supervision","status":"publish","type":"page","link":"https:\/\/www.gutertag.at\/wordpress\/angebot\/supervision\/","title":{"rendered":"Supervision"},"content":{"rendered":"<div id='layer_slider_1'  class='avia-layerslider main_color avia-shadow  avia-builder-el-0  el_before_av_one_full  avia-builder-el-first  container_wrap sidebar_right'  style='height: 341px;'  ><\/div><div id='after_layer_slider_1'  class='main_color av_default_container_wrap container_wrap sidebar_right'  ><div class='container av-section-cont-open' ><div class='template-page content  av-content-small alpha units'><div class='post-entry post-entry-type-page post-entry-452'><div class='entry-content-wrapper clearfix'>\n<div  class='flex_column av-e8i70-1f49f7401247b499fc685e5da61a6c69 av_one_full  avia-builder-el-1  el_after_av_layerslider  el_before_av_textblock  avia-builder-el-first  first flex_column_div  '     ><\/div>\n<section  class='av_textblock_section av-8t7bw-0cbb84251672bac6d5bae0507c4816c0 '   itemscope=\"itemscope\" itemtype=\"https:\/\/schema.org\/CreativeWork\" ><div class='avia_textblock'  itemprop=\"text\" ><h3><strong><span style=\"color: #808080;\">Was ist Supervision?<\/span><\/strong><\/h3>\n<p>Supervision ist\u00a0eine professionelle Beratungsmethode f\u00fcr alle beruflichen Herausforderungen von Einzelpersonen, Teams bzw. Gruppen und Organisationen. Ich unterst\u00fctze Sie dabei, Ihre beruflichen Handlungen zielgerichtet, effizient und erfolgreich zu gestalten. Ziel von Supervision ist es, im Einzelgespr\u00e4ch, im Team oder in der Gruppe berufliche Situationen zu reflektieren und die Teilnehmer und Teilnehmerinnen zu bef\u00e4higen, die damit verbundenen Probleme und Herausforderungen konstruktiv zu bew\u00e4ltigen, Konflikte zu l\u00f6sen und Ver\u00e4nderungsprozesse aktiv zu steuern.<\/p>\n<h3><span style=\"color: #808080;\"><strong>Supervision bietet:<\/strong><\/span><\/h3>\n<ul>\n<li>Reflexions- und Entscheidungshilfe bei aktuellen Anl\u00e4ssen<\/li>\n<li>Unterst\u00fctzung in herausfordernden oder belastenden Arbeitssituationen und Konflikten<\/li>\n<li>Kl\u00e4rung und Gestaltung von Aufgaben, Auftr\u00e4gen, Funktionen und Rollen<\/li>\n<li>Begleitung bei Ver\u00e4nderungsprozessen und deren Bew\u00e4ltigung<\/li>\n<li>Innovative L\u00f6sungen bei neuen Herausforderungen<\/li>\n<li>Mobbing- und Burnout-Prophylaxe etc.<\/li>\n<\/ul>\n<p>Supervision hilft Ihnen sowohl\u00a0als Einzelperson als auch der Gruppe\/Team, neue Dimensionen und M\u00f6glichkeiten zu entdecken. Durch gezieltes Querdenken und oft \u00fcberraschendes Fragen initiiere ich neue Antworten und L\u00f6sungen.<\/p>\n<p>Als Ihre Supervisorin besuche ich Sie gerne in Ihrer Firma oder stelle meine Praxisr\u00e4umlichkeiten zur Verf\u00fcgung.<br \/>\nIch freue mich \u00fcber Ihre <a href=\"\/wordpress\/kontakt\/\">Kontaktaufnahme<\/a>!<\/p>\n<\/div><\/section>\n","protected":false},"excerpt":{"rendered":"","protected":false},"author":5,"featured_media":0,"parent":90,"menu_order":0,"comment_status":"open","ping_status":"closed","template":"","meta":{"footnotes":""},"class_list":["post-452","page","type-page","status-publish","hentry"],"_links":{"self":[{"href":"https:\/\/www.gutertag.at\/wordpress\/wp-json\/wp\/v2\/pages\/452","targetHints":{"allow":["GET"]}}],"collection":[{"href":"https:\/\/www.gutertag.at\/wordpress\/wp-json\/wp\/v2\/pages"}],"about":[{"href":"https:\/\/www.gutertag.at\/wordpress\/wp-json\/wp\/v2\/types\/page"}],"author":[{"embeddable":true,"href":"https:\/\/www.gutertag.at\/wordpress\/wp-json\/wp\/v2\/users\/5"}],"replies":[{"embeddable":true,"href":"https:\/\/www.gutertag.at\/wordpress\/wp-json\/wp\/v2\/comments?post=452"}],"version-history":[{"count":8,"href":"https:\/\/www.gutertag.at\/wordpress\/wp-json\/wp\/v2\/pages\/452\/revisions"}],"predecessor-version":[{"id":834,"href":"https:\/\/www.gutertag.at\/wordpress\/wp-json\/wp\/v2\/pages\/452\/revisions\/834"}],"up":[{"embeddable":true,"href":"https:\/\/www.gutertag.at\/wordpress\/wp-json\/wp\/v2\/pages\/90"}],"wp:attachment":[{"href":"https:\/\/www.gutertag.at\/wordpress\/wp-json\/wp\/v2\/media?parent=452"}],"curies":[{"name":"wp","href":"https:\/\/api.w.org\/{rel}","templated":true}]}}