{"id":93,"date":"2014-08-06T09:54:21","date_gmt":"2014-08-06T09:54:21","guid":{"rendered":"http:\/\/www.gutertag.at\/wordpress\/?page_id=93"},"modified":"2014-09-08T17:35:11","modified_gmt":"2014-09-08T17:35:11","slug":"therapie-fur-kinder-jugendliche","status":"publish","type":"page","link":"https:\/\/www.gutertag.at\/wordpress\/angebot\/therapie-fur-kinder-jugendliche\/","title":{"rendered":"Therapie f\u00fcr Kinder &#038; Jugendliche"},"content":{"rendered":"<div id='layer_slider_1'  class='avia-layerslider main_color avia-shadow  avia-builder-el-0  el_before_av_textblock  avia-builder-el-first  container_wrap sidebar_right'  style='height: 341px;'  ><\/div><div id='after_layer_slider_1'  class='main_color av_default_container_wrap container_wrap sidebar_right'  ><div class='container av-section-cont-open' ><div class='template-page content  av-content-small alpha units'><div class='post-entry post-entry-type-page post-entry-93'><div class='entry-content-wrapper clearfix'>\n<section  class='av_textblock_section av-av_textblock-681fab0c2b6f1cf5a8726141282e5bbf '   itemscope=\"itemscope\" itemtype=\"https:\/\/schema.org\/CreativeWork\" ><div class='avia_textblock'  itemprop=\"text\" ><p>Ich habe mich durch die\u00a0Zusammenarbeit mit Kindern &amp; Jugendlichen im Kinderhilfswerk, im Verein Oase, als leitende Tauchlehrerin\u00a0von Kinder- und Jugendkursen\u00a0und als Veranstalterin von Kinder &amp; Jugendevents auf diesen Bereich spezialisiert.<\/p>\n<\/div><\/section>\n<div  class='flex_column av-av_one_half-2a9015ff38129c418a3f2eafba3e9512 av_one_half  avia-builder-el-2  el_after_av_textblock  el_before_av_one_half  first flex_column_div  column-top-margin'     ><p>\n<style type=\"text\/css\" data-created_by=\"avia_inline_auto\" id=\"style-css-av-av_heading-1cea610e638adb1583e872a1a6e6531e\">\n#top .av-special-heading.av-av_heading-1cea610e638adb1583e872a1a6e6531e{\npadding-bottom:10px;\n}\nbody .av-special-heading.av-av_heading-1cea610e638adb1583e872a1a6e6531e .av-special-heading-tag .heading-char{\nfont-size:25px;\n}\n.av-special-heading.av-av_heading-1cea610e638adb1583e872a1a6e6531e .av-subheading{\nfont-size:15px;\n}\n<\/style>\n<div  class='av-special-heading av-av_heading-1cea610e638adb1583e872a1a6e6531e av-special-heading-h3 meta-heading blockquote modern-quote  avia-builder-el-3  el_before_av_textblock  avia-builder-el-first '><h3 class='av-special-heading-tag '  itemprop=\"headline\"  >Therapie f\u00fcr Kinder<\/h3><div class=\"special-heading-border\"><div class=\"special-heading-inner-border\"><\/div><\/div><\/div><br \/>\n<section  class='av_textblock_section av-av_textblock-681fab0c2b6f1cf5a8726141282e5bbf '   itemscope=\"itemscope\" itemtype=\"https:\/\/schema.org\/CreativeWork\" ><div class='avia_textblock'  itemprop=\"text\" ><p>In einer so schnelllebigen und computergesteuerten Welt wie heute muss alles gut und zuverl\u00e4ssig funktionieren \u2013 auch unsere Kinder. Wenn es jedoch zu Auff\u00e4lligkeiten im Verhalten kommt, kann das Kind nicht einfach zum Servicetechniker gebracht und repariert werden. Es gibt keinen Bauplan f\u00fcr Kinder, nur Modellierungsm\u00f6glichkeiten.<\/p>\n<p>Wenn es Kindern nicht gut geht, wirkt sich das auf die gesamte Familie aus. Oft werden Eltern deshalb von au\u00dfen angegriffen, Geschwisterkinder r\u00fccken in den Hintergrund, die Nerven liegen blank und die Situation droht zu eskalieren. Manche Eltern beginnen an ihren eigenen F\u00e4higkeiten zu zweifeln. Selbst bei erkl\u00e4rbaren Ausl\u00f6sern wie z.B. erlebte Traumata, Krankheit, Verlust einer nahestehenden Person, Gewalt, Missbrauch etc. kann sich Ratlosigkeit breit machen.<\/p>\n<p>Hier unterst\u00fctze ich Sie mit einem neutralen Blick von au\u00dfen. Gemeinsam werden neue Wege und L\u00f6sungsm\u00f6glichkeiten erarbeitet.<\/p>\n<\/div><\/section><\/p><\/div>\n<div  class='flex_column av-av_one_half-1c47c10d9dd6b9bc0b68f292c1cf5942 av_one_half  avia-builder-el-5  el_after_av_one_half  el_before_av_heading  flex_column_div  column-top-margin'     ><style type=\"text\/css\" data-created_by=\"avia_inline_auto\" id=\"style-css-av-av_heading-cbec13acf025a28d354fd911433e1e60\">\n#top .av-special-heading.av-av_heading-cbec13acf025a28d354fd911433e1e60{\npadding-bottom:10px;\n}\nbody .av-special-heading.av-av_heading-cbec13acf025a28d354fd911433e1e60 .av-special-heading-tag .heading-char{\nfont-size:25px;\n}\n.av-special-heading.av-av_heading-cbec13acf025a28d354fd911433e1e60 .av-subheading{\nfont-size:15px;\n}\n<\/style>\n<div  class='av-special-heading av-av_heading-cbec13acf025a28d354fd911433e1e60 av-special-heading-h3 meta-heading blockquote modern-quote  avia-builder-el-6  el_before_av_textblock  avia-builder-el-first '><h3 class='av-special-heading-tag '  itemprop=\"headline\"  >Therapie f\u00fcr Jugendliche<\/h3><div class=\"special-heading-border\"><div class=\"special-heading-inner-border\"><\/div><\/div><\/div>\n<section  class='av_textblock_section av-av_textblock-681fab0c2b6f1cf5a8726141282e5bbf '   itemscope=\"itemscope\" itemtype=\"https:\/\/schema.org\/CreativeWork\" ><div class='avia_textblock'  itemprop=\"text\" ><p>Darf ich\u00a0\u201eDu\u201c sagen?<br \/>\nIn der Psychotherapie oder der Beratung k\u00f6nnen die oft &#8222;undurchschaubaren&#8220; und komplexen jugendrelevanten Zusammenh\u00e4nge verst\u00e4ndlich gemacht und die Gef\u00fchle wieder richtig zugeordnet werden. Belastungen, \u00c4ngste und Sorgen k\u00f6nnen wahrgenommen und besser verstanden werden.<\/p>\n<p>Jugendliche k\u00f6nnen in dem Prozess unterst\u00fctzt werden , ihre eigenen Werte in der Abgrenzung zu Eltern, Lehrern, Erwachsenen zu entwickeln und das Wachstum ihrer Eigenverantwortung kann gef\u00f6rdert werden. So tr\u00e4gt die Psychotherapie dazu bei, Jugendliche in ihrer Pers\u00f6nlichkeitsentwicklung und Problembew\u00e4ltigung zu unterst\u00fctzen. Dabei werden sie darin unterst\u00fctzt ihr eigenes Selbstbewu\u00dftsein, ihren eigenen Weg zu einem befriedigenden und gesunden Leben zu finden.<\/p>\n<\/div><\/section><\/div>\n\n<style type=\"text\/css\" data-created_by=\"avia_inline_auto\" id=\"style-css-av-av_heading-b89654e6618ced386c5e8bd793d465a5\">\n#top .av-special-heading.av-av_heading-b89654e6618ced386c5e8bd793d465a5{\npadding-bottom:10px;\n}\nbody .av-special-heading.av-av_heading-b89654e6618ced386c5e8bd793d465a5 .av-special-heading-tag .heading-char{\nfont-size:25px;\n}\n.av-special-heading.av-av_heading-b89654e6618ced386c5e8bd793d465a5 .av-subheading{\nfont-size:15px;\n}\n<\/style>\n<div  class='av-special-heading av-av_heading-b89654e6618ced386c5e8bd793d465a5 av-special-heading-h3 meta-heading  avia-builder-el-8  el_after_av_one_half  el_before_av_one_half '><h3 class='av-special-heading-tag '  itemprop=\"headline\"  >Kinder und Jugendliche liegen mir sehr am Herzen. Daher bin ich Ihnen gerne behilflich<\/h3><div class=\"special-heading-border\"><div class=\"special-heading-inner-border\"><\/div><\/div><\/div>\n<div  class='flex_column av-av_one_half-2a9015ff38129c418a3f2eafba3e9512 av_one_half  avia-builder-el-9  el_after_av_heading  el_before_av_one_half  first flex_column_div  '     ><div  class='avia-icon-list-container av-av_iconlist-e4a0ebdf966f1bea8883e87bb95dffd6  avia-builder-el-10  avia-builder-el-no-sibling '><ul class='avia-icon-list avia_animate_when_almost_visible avia-icon-list-left av-iconlist-big av-av_iconlist-e4a0ebdf966f1bea8883e87bb95dffd6 avia-iconlist-animate'>\n<li><div class='iconlist_icon av-av_iconlist_item-bc7b79ae36a5e045a425db3370364e29 avia-font-entypo-fontello avia-iconfont avia-font-entypo-fontello'><span class='av-icon-char' data-av_icon='\ue812' data-av_iconfont='entypo-fontello' aria-hidden=\"true\"><\/span><\/div><article class=\"article-icon-entry av-iconlist-empty\"  itemscope=\"itemscope\" itemtype=\"https:\/\/schema.org\/CreativeWork\" ><div class=\"iconlist_content_wrap\"><header class=\"entry-content-header\" aria-label=\"Icon: bei Verhaltensauff\u00e4lligkeiten und\/oder ADHS oder ADS\"><h4 class='av_iconlist_title iconlist_title  '  itemprop=\"headline\" >bei Verhaltensauff\u00e4lligkeiten und\/oder ADHS oder ADS<\/h4><\/header><div class='iconlist_content '  itemprop=\"text\" ><\/div><\/div><footer class=\"entry-footer\"><\/footer><\/article><div class=\"iconlist-timeline\"><\/div><\/li>\n<li><div class='iconlist_icon av-av_iconlist_item-fdc6a47d614b5145fee3da6faf17ab65 avia-font-entypo-fontello avia-iconfont avia-font-entypo-fontello'><span class='av-icon-char' data-av_icon='\ue812' data-av_iconfont='entypo-fontello' aria-hidden=\"true\"><\/span><\/div><article class=\"article-icon-entry av-iconlist-empty\"  itemscope=\"itemscope\" itemtype=\"https:\/\/schema.org\/CreativeWork\" ><div class=\"iconlist_content_wrap\"><header class=\"entry-content-header\" aria-label=\"Icon: bei Sucht (Nikotin, Alkohol, Essen, Internet etc.) oder Tendenzen dazu\"><h4 class='av_iconlist_title iconlist_title  '  itemprop=\"headline\" >bei Sucht (Nikotin, Alkohol, Essen, Internet etc.) oder Tendenzen dazu<\/h4><\/header><div class='iconlist_content '  itemprop=\"text\" ><\/div><\/div><footer class=\"entry-footer\"><\/footer><\/article><div class=\"iconlist-timeline\"><\/div><\/li>\n<li><div class='iconlist_icon av-av_iconlist_item-138d0bdb4ef2cbd0f845dbcd00e194d5 avia-font-entypo-fontello avia-iconfont avia-font-entypo-fontello'><span class='av-icon-char' data-av_icon='\ue812' data-av_iconfont='entypo-fontello' aria-hidden=\"true\"><\/span><\/div><article class=\"article-icon-entry av-iconlist-empty\"  itemscope=\"itemscope\" itemtype=\"https:\/\/schema.org\/CreativeWork\" ><div class=\"iconlist_content_wrap\"><header class=\"entry-content-header\" aria-label=\"Icon: bei Schulverweigerung und\/oder sozialem R\u00fcckzug\"><h4 class='av_iconlist_title iconlist_title  '  itemprop=\"headline\" >bei Schulverweigerung und\/oder sozialem R\u00fcckzug<\/h4><\/header><div class='iconlist_content '  itemprop=\"text\" ><\/div><\/div><footer class=\"entry-footer\"><\/footer><\/article><div class=\"iconlist-timeline\"><\/div><\/li>\n<li><div class='iconlist_icon av-av_iconlist_item-72798cf371ba0ab40a0c9343dab0c9f2 avia-font-entypo-fontello avia-iconfont avia-font-entypo-fontello'><span class='av-icon-char' data-av_icon='\ue812' data-av_iconfont='entypo-fontello' aria-hidden=\"true\"><\/span><\/div><article class=\"article-icon-entry av-iconlist-empty\"  itemscope=\"itemscope\" itemtype=\"https:\/\/schema.org\/CreativeWork\" ><div class=\"iconlist_content_wrap\"><header class=\"entry-content-header\" aria-label=\"Icon: bei Aggression, Burnout oder Mobbing\"><h4 class='av_iconlist_title iconlist_title  '  itemprop=\"headline\" >bei Aggression, Burnout oder Mobbing<\/h4><\/header><div class='iconlist_content '  itemprop=\"text\" ><\/div><\/div><footer class=\"entry-footer\"><\/footer><\/article><div class=\"iconlist-timeline\"><\/div><\/li>\n<li><div class='iconlist_icon av-av_iconlist_item-aa7503be2ae3c6f3155efb0dab987cca avia-font-entypo-fontello avia-iconfont avia-font-entypo-fontello'><span class='av-icon-char' data-av_icon='\ue812' data-av_iconfont='entypo-fontello' aria-hidden=\"true\"><\/span><\/div><article class=\"article-icon-entry av-iconlist-empty\"  itemscope=\"itemscope\" itemtype=\"https:\/\/schema.org\/CreativeWork\" ><div class=\"iconlist_content_wrap\"><header class=\"entry-content-header\" aria-label=\"Icon: bei Depression, Angst &amp; Panik, Borderline (selbstverletzendes Verhalten), Suizidalit\u00e4t\"><h4 class='av_iconlist_title iconlist_title  '  itemprop=\"headline\" >bei Depression, Angst &amp; Panik, Borderline (selbstverletzendes Verhalten), Suizidalit\u00e4t<\/h4><\/header><div class='iconlist_content '  itemprop=\"text\" ><\/div><\/div><footer class=\"entry-footer\"><\/footer><\/article><div class=\"iconlist-timeline\"><\/div><\/li>\n<li><div class='iconlist_icon av-av_iconlist_item-dfe21d7e665f8efb7be96b59ace4d437 avia-font-entypo-fontello avia-iconfont avia-font-entypo-fontello'><span class='av-icon-char' data-av_icon='\ue812' data-av_iconfont='entypo-fontello' aria-hidden=\"true\"><\/span><\/div><article class=\"article-icon-entry av-iconlist-empty\"  itemscope=\"itemscope\" itemtype=\"https:\/\/schema.org\/CreativeWork\" ><div class=\"iconlist_content_wrap\"><header class=\"entry-content-header\" aria-label=\"Icon: bei sexuellem Missbrauch, Gewalt\"><h4 class='av_iconlist_title iconlist_title  '  itemprop=\"headline\" >bei sexuellem Missbrauch, Gewalt<\/h4><\/header><div class='iconlist_content '  itemprop=\"text\" ><\/div><\/div><footer class=\"entry-footer\"><\/footer><\/article><div class=\"iconlist-timeline\"><\/div><\/li>\n<\/ul><\/div><\/div>\n<div  class='flex_column av-av_one_half-1c47c10d9dd6b9bc0b68f292c1cf5942 av_one_half  avia-builder-el-11  el_after_av_one_half  avia-builder-el-last  flex_column_div  '     ><div  class='avia-icon-list-container av-av_iconlist-e4a0ebdf966f1bea8883e87bb95dffd6  avia-builder-el-12  avia-builder-el-no-sibling '><ul class='avia-icon-list avia_animate_when_almost_visible avia-icon-list-left av-iconlist-big av-av_iconlist-e4a0ebdf966f1bea8883e87bb95dffd6 avia-iconlist-animate'>\n<li><div class='iconlist_icon av-av_iconlist_item-e676f92a843aad428e7d02b8e55266c1 avia-font-entypo-fontello avia-iconfont avia-font-entypo-fontello'><span class='av-icon-char' data-av_icon='\ue812' data-av_iconfont='entypo-fontello' aria-hidden=\"true\"><\/span><\/div><article class=\"article-icon-entry av-iconlist-empty\"  itemscope=\"itemscope\" itemtype=\"https:\/\/schema.org\/CreativeWork\" ><div class=\"iconlist_content_wrap\"><header class=\"entry-content-header\" aria-label=\"Icon: bei Scheidung oder Tod eines nahen Angeh\u00f6rigen\"><h4 class='av_iconlist_title iconlist_title  '  itemprop=\"headline\" >bei Scheidung oder Tod eines nahen Angeh\u00f6rigen<\/h4><\/header><div class='iconlist_content '  itemprop=\"text\" ><\/div><\/div><footer class=\"entry-footer\"><\/footer><\/article><div class=\"iconlist-timeline\"><\/div><\/li>\n<li><div class='iconlist_icon av-av_iconlist_item-36cb6cef6a3c448803f66bf177e62668 avia-font-entypo-fontello avia-iconfont avia-font-entypo-fontello'><span class='av-icon-char' data-av_icon='\ue812' data-av_iconfont='entypo-fontello' aria-hidden=\"true\"><\/span><\/div><article class=\"article-icon-entry av-iconlist-empty\"  itemscope=\"itemscope\" itemtype=\"https:\/\/schema.org\/CreativeWork\" ><div class=\"iconlist_content_wrap\"><header class=\"entry-content-header\" aria-label=\"Icon: in einer Krise und\/oder nach erlittenem Trauma \"><h4 class='av_iconlist_title iconlist_title  '  itemprop=\"headline\" >in einer Krise und\/oder nach erlittenem Trauma <\/h4><\/header><div class='iconlist_content '  itemprop=\"text\" ><\/div><\/div><footer class=\"entry-footer\"><\/footer><\/article><div class=\"iconlist-timeline\"><\/div><\/li>\n<li><div class='iconlist_icon av-av_iconlist_item-4a6c18b3f4d954e291f0e49aa4edef45 avia-font-entypo-fontello avia-iconfont avia-font-entypo-fontello'><span class='av-icon-char' data-av_icon='\ue812' data-av_iconfont='entypo-fontello' aria-hidden=\"true\"><\/span><\/div><article class=\"article-icon-entry av-iconlist-empty\"  itemscope=\"itemscope\" itemtype=\"https:\/\/schema.org\/CreativeWork\" ><div class=\"iconlist_content_wrap\"><header class=\"entry-content-header\" aria-label=\"Icon: nach Unf\u00e4llen oder bei psychosomatischen Beschwerden (das sind k\u00f6rperliche Beschwerden, deren Ursache medizinisch nicht aufzufinden ist) oder chronischer Krankheit\"><h4 class='av_iconlist_title iconlist_title  '  itemprop=\"headline\" >nach Unf\u00e4llen oder bei psychosomatischen Beschwerden (das sind k\u00f6rperliche Beschwerden, deren Ursache medizinisch nicht aufzufinden ist) oder chronischer Krankheit<\/h4><\/header><div class='iconlist_content '  itemprop=\"text\" ><\/div><\/div><footer class=\"entry-footer\"><\/footer><\/article><div class=\"iconlist-timeline\"><\/div><\/li>\n<li><div class='iconlist_icon av-av_iconlist_item-6749820fc5089e9ce0a66cceae177945 avia-font-entypo-fontello avia-iconfont avia-font-entypo-fontello'><span class='av-icon-char' data-av_icon='\ue812' data-av_iconfont='entypo-fontello' aria-hidden=\"true\"><\/span><\/div><article class=\"article-icon-entry av-iconlist-empty\"  itemscope=\"itemscope\" itemtype=\"https:\/\/schema.org\/CreativeWork\" ><div class=\"iconlist_content_wrap\"><header class=\"entry-content-header\" aria-label=\"Icon: in der Pubert\u00e4t \/ Abl\u00f6sungsphase \/ Identit\u00e4tsprobleme \"><h4 class='av_iconlist_title iconlist_title  '  itemprop=\"headline\" >in der Pubert\u00e4t \/ Abl\u00f6sungsphase \/ Identit\u00e4tsprobleme <\/h4><\/header><div class='iconlist_content '  itemprop=\"text\" ><\/div><\/div><footer class=\"entry-footer\"><\/footer><\/article><div class=\"iconlist-timeline\"><\/div><\/li>\n<li><div class='iconlist_icon av-av_iconlist_item-b761f8c358836bea291978cdb2cf1d08 avia-font-entypo-fontello avia-iconfont avia-font-entypo-fontello'><span class='av-icon-char' data-av_icon='\ue812' data-av_iconfont='entypo-fontello' aria-hidden=\"true\"><\/span><\/div><article class=\"article-icon-entry av-iconlist-empty\"  itemscope=\"itemscope\" itemtype=\"https:\/\/schema.org\/CreativeWork\" ><div class=\"iconlist_content_wrap\"><header class=\"entry-content-header\" aria-label=\"Icon: oder bei etwas, das Ihr Kind \/ Jugendliche\/n belastet und hier nicht genannt wurde\"><h4 class='av_iconlist_title iconlist_title  '  itemprop=\"headline\" >oder bei etwas, das Ihr Kind \/ Jugendliche\/n belastet und hier nicht genannt wurde<\/h4><\/header><div class='iconlist_content '  itemprop=\"text\" ><\/div><\/div><footer class=\"entry-footer\"><\/footer><\/article><div class=\"iconlist-timeline\"><\/div><\/li>\n<\/ul><\/div><\/div>\n","protected":false},"excerpt":{"rendered":"","protected":false},"author":5,"featured_media":0,"parent":90,"menu_order":0,"comment_status":"open","ping_status":"closed","template":"","meta":{"footnotes":""},"class_list":["post-93","page","type-page","status-publish","hentry"],"_links":{"self":[{"href":"https:\/\/www.gutertag.at\/wordpress\/wp-json\/wp\/v2\/pages\/93","targetHints":{"allow":["GET"]}}],"collection":[{"href":"https:\/\/www.gutertag.at\/wordpress\/wp-json\/wp\/v2\/pages"}],"about":[{"href":"https:\/\/www.gutertag.at\/wordpress\/wp-json\/wp\/v2\/types\/page"}],"author":[{"embeddable":true,"href":"https:\/\/www.gutertag.at\/wordpress\/wp-json\/wp\/v2\/users\/5"}],"replies":[{"embeddable":true,"href":"https:\/\/www.gutertag.at\/wordpress\/wp-json\/wp\/v2\/comments?post=93"}],"version-history":[{"count":20,"href":"https:\/\/www.gutertag.at\/wordpress\/wp-json\/wp\/v2\/pages\/93\/revisions"}],"predecessor-version":[{"id":139,"href":"https:\/\/www.gutertag.at\/wordpress\/wp-json\/wp\/v2\/pages\/93\/revisions\/139"}],"up":[{"embeddable":true,"href":"https:\/\/www.gutertag.at\/wordpress\/wp-json\/wp\/v2\/pages\/90"}],"wp:attachment":[{"href":"https:\/\/www.gutertag.at\/wordpress\/wp-json\/wp\/v2\/media?parent=93"}],"curies":[{"name":"wp","href":"https:\/\/api.w.org\/{rel}","templated":true}]}}